{"id":392,"date":"2025-08-13T17:20:56","date_gmt":"2025-08-13T15:20:56","guid":{"rendered":"https:\/\/new.hassagy.hu\/?page_id=392"},"modified":"2025-08-14T09:26:03","modified_gmt":"2025-08-14T07:26:03","slug":"haziorvosi-ellatas","status":"publish","type":"page","link":"https:\/\/www.hassagy.hu\/?page_id=392","title":{"rendered":"H\u00e1ziorvosi ell\u00e1t\u00e1s"},"content":{"rendered":"\n<p class=\"has-text-align-center has-medium-font-size\"><strong>Dr. Horv\u00e1th Krisztina (alapelI\u00e1t\u00e1s)-Neurology Kft-020090062. sz. k\u00f6rzet feln\u0151tt \u00e9s gyermek (vegyes) h\u00e1ziorvosi ell\u00e1t\u00e1s.<\/strong><\/p>\n\n\n\n<p class=\"has-text-align-center has-medium-font-size\"><strong>A t\u00e1rsadalombiztos\u00edt\u00e1s eg\u00e9szs\u00e9g\u00fcgyi szolg\u00e1ltat\u00e1saira szerz\u0151d\u00f6tt szolg\u00e1lat.<\/strong><\/p>\n\n\n\n<figure class=\"wp-block-table is-style-regular\"><table class=\"has-fixed-layout\"><thead><tr><th class=\"has-text-align-center\" data-align=\"center\"><\/th><th class=\"has-text-align-center\" data-align=\"center\">H\u00c9TF\u0150<\/th><th class=\"has-text-align-center\" data-align=\"center\">KEDD<\/th><th class=\"has-text-align-center\" data-align=\"center\">SZERDA<\/th><th class=\"has-text-align-center\" data-align=\"center\">CS\u00dcT\u00d6RT\u00d6K<\/th><th class=\"has-text-align-center\" data-align=\"center\">P\u00c9NTEK<\/th><\/tr><\/thead><tbody><tr><td class=\"has-text-align-center\" data-align=\"center\"><strong>Olasz<\/strong><br>69\/357-068<\/td><td class=\"has-text-align-center\" data-align=\"center\">8:00-11:00<\/td><td class=\"has-text-align-center\" data-align=\"center\">8:00-12:00<\/td><td class=\"has-text-align-center\" data-align=\"center\">8:00-11:00<\/td><td class=\"has-text-align-center\" data-align=\"center\">08:00-11:00<\/td><td class=\"has-text-align-center\" data-align=\"center\">8:00-12:00<\/td><\/tr><tr><td class=\"has-text-align-center\" data-align=\"center\"><strong>Belv\u00e1rdgyula<\/strong><br>69\/359-108<\/td><td class=\"has-text-align-center\" data-align=\"center\">11:00-12:00<\/td><td class=\"has-text-align-center\" data-align=\"center\">&#8212;<\/td><td class=\"has-text-align-center\" data-align=\"center\">&#8212;&nbsp;<\/td><td class=\"has-text-align-center\" data-align=\"center\">11:00-12:00<\/td><td class=\"has-text-align-center\" data-align=\"center\">&#8212;<\/td><\/tr><tr><td class=\"has-text-align-center\" data-align=\"center\"><strong>H\u00e1ss\u00e1gy<\/strong><br>69\/358-108<\/td><td class=\"has-text-align-center\" data-align=\"center\">&#8212;<\/td><td class=\"has-text-align-center\" data-align=\"center\">&#8212;<\/td><td class=\"has-text-align-center\" data-align=\"center\">11:00-12:00<\/td><td class=\"has-text-align-center\" data-align=\"center\">&#8212;<\/td><td class=\"has-text-align-center\" data-align=\"center\">&nbsp;&#8212;<\/td><\/tr><\/tbody><\/table><\/figure>\n\n\n\n<figure class=\"wp-block-table\"><table class=\"has-fixed-layout\"><tbody><tr><td><strong>Asszisztens:<\/strong> Ackermann-Mikl\u00f3s Annam\u00e1ria<\/td><td><strong>Orvos\u00edrnok:<\/strong> Katon\u00e1n\u00e9 Beberika Erika<\/td><\/tr><\/tbody><\/table><\/figure>\n\n\n\n<p class=\"has-text-align-center has-large-font-size\"><strong>K\u00e9rem, k\u00e9rjenek id\u0151pontot!<\/strong><\/p>\n\n\n\n<p class=\"has-text-align-center has-medium-font-size\">K\u00c9SZENL\u00c9T s\u00fcrg\u0151s esetben minden munkanap 08:00-16:00 k\u00f6z\u00f6tt (<strong>+36703955595<\/strong>).<\/p>\n\n\n\n<p class=\"has-text-align-center has-medium-font-size\">\u00dcgyelet h\u00e9tk\u00f6znap 16:00-22:00-ig, illetve h\u00e9tv\u00e9g\u00e9n \u00e9s \u00fcnnepnap 08:00-14:00-ig: B\u00f3ly, Szabads\u00e1g u. 1\/b.<br><strong>Telefonsz\u00e1m: 1830<\/strong><\/p>\n\n\n\n<p class=\"has-text-align-center has-medium-font-size\">A b\u00f3lyi \u00fcgyelet z\u00e1r\u00e1sa ut\u00e1n Moh\u00e1csi K\u00f3rh\u00e1zban van \u00e1lland\u00f3 h\u00e1ziorvosi \u00fcgyelet.<br><strong>Telefonsz\u00e1m: 1830<\/strong><\/p>\n","protected":false},"excerpt":{"rendered":"<p>Dr. Horv\u00e1th Krisztina (alapelI\u00e1t\u00e1s)-Neurology Kft-020090062. sz. k\u00f6rzet feln\u0151tt \u00e9s gyermek (vegyes) h\u00e1ziorvosi ell\u00e1t\u00e1s. A t\u00e1rsadalombiztos\u00edt\u00e1s eg\u00e9szs\u00e9g\u00fcgyi szolg\u00e1ltat\u00e1saira szerz\u0151d\u00f6tt szolg\u00e1lat. H\u00c9TF\u0150 KEDD SZERDA CS\u00dcT\u00d6RT\u00d6K P\u00c9NTEK Olasz69\/357-068 8:00-11:00 8:00-12:00 8:00-11:00 08:00-11:00 8:00-12:00 Belv\u00e1rdgyula69\/359-108 11:00-12:00 &#8212; &#8212;&nbsp; 11:00-12:00 &#8212; H\u00e1ss\u00e1gy69\/358-108 &#8212; &#8212; 11:00-12:00 &#8212; &nbsp;&#8212; Asszisztens: Ackermann-Mikl\u00f3s Annam\u00e1ria Orvos\u00edrnok: Katon\u00e1n\u00e9 Beberika Erika K\u00e9rem, k\u00e9rjenek id\u0151pontot! K\u00c9SZENL\u00c9T s\u00fcrg\u0151s esetben [&hellip;]<\/p>\n","protected":false},"author":1,"featured_media":0,"parent":0,"menu_order":0,"comment_status":"closed","ping_status":"closed","template":"","meta":{"site-sidebar-layout":"default","site-content-layout":"","ast-site-content-layout":"default","site-content-style":"default","site-sidebar-style":"default","ast-global-header-display":"","ast-banner-title-visibility":"","ast-main-header-display":"","ast-hfb-above-header-display":"","ast-hfb-below-header-display":"","ast-hfb-mobile-header-display":"","site-post-title":"","ast-breadcrumbs-content":"","ast-featured-img":"","footer-sml-layout":"","ast-disable-related-posts":"","theme-transparent-header-meta":"","adv-header-id-meta":"","stick-header-meta":"","header-above-stick-meta":"","header-main-stick-meta":"","header-below-stick-meta":"","astra-migrate-meta-layouts":"default","ast-page-background-enabled":"default","ast-page-background-meta":{"desktop":{"background-color":"var(--ast-global-color-5)","background-image":"","background-repeat":"repeat","background-position":"center center","background-size":"auto","background-attachment":"scroll","background-type":"","background-media":"","overlay-type":"","overlay-color":"","overlay-opacity":"","overlay-gradient":""},"tablet":{"background-color":"","background-image":"","background-repeat":"repeat","background-position":"center center","background-size":"auto","background-attachment":"scroll","background-type":"","background-media":"","overlay-type":"","overlay-color":"","overlay-opacity":"","overlay-gradient":""},"mobile":{"background-color":"","background-image":"","background-repeat":"repeat","background-position":"center center","background-size":"auto","background-attachment":"scroll","background-type":"","background-media":"","overlay-type":"","overlay-color":"","overlay-opacity":"","overlay-gradient":""}},"ast-content-background-meta":{"desktop":{"background-color":"var(--ast-global-color-4)","background-image":"","background-repeat":"repeat","background-position":"center center","background-size":"auto","background-attachment":"scroll","background-type":"","background-media":"","overlay-type":"","overlay-color":"","overlay-opacity":"","overlay-gradient":""},"tablet":{"background-color":"var(--ast-global-color-4)","background-image":"","background-repeat":"repeat","background-position":"center center","background-size":"auto","background-attachment":"scroll","background-type":"","background-media":"","overlay-type":"","overlay-color":"","overlay-opacity":"","overlay-gradient":""},"mobile":{"background-color":"var(--ast-global-color-4)","background-image":"","background-repeat":"repeat","background-position":"center center","background-size":"auto","background-attachment":"scroll","background-type":"","background-media":"","overlay-type":"","overlay-color":"","overlay-opacity":"","overlay-gradient":""}},"footnotes":""},"class_list":["post-392","page","type-page","status-publish","hentry"],"_links":{"self":[{"href":"https:\/\/www.hassagy.hu\/index.php?rest_route=\/wp\/v2\/pages\/392","targetHints":{"allow":["GET"]}}],"collection":[{"href":"https:\/\/www.hassagy.hu\/index.php?rest_route=\/wp\/v2\/pages"}],"about":[{"href":"https:\/\/www.hassagy.hu\/index.php?rest_route=\/wp\/v2\/types\/page"}],"author":[{"embeddable":true,"href":"https:\/\/www.hassagy.hu\/index.php?rest_route=\/wp\/v2\/users\/1"}],"replies":[{"embeddable":true,"href":"https:\/\/www.hassagy.hu\/index.php?rest_route=%2Fwp%2Fv2%2Fcomments&post=392"}],"version-history":[{"count":7,"href":"https:\/\/www.hassagy.hu\/index.php?rest_route=\/wp\/v2\/pages\/392\/revisions"}],"predecessor-version":[{"id":409,"href":"https:\/\/www.hassagy.hu\/index.php?rest_route=\/wp\/v2\/pages\/392\/revisions\/409"}],"wp:attachment":[{"href":"https:\/\/www.hassagy.hu\/index.php?rest_route=%2Fwp%2Fv2%2Fmedia&parent=392"}],"curies":[{"name":"wp","href":"https:\/\/api.w.org\/{rel}","templated":true}]}}