{"id":294,"date":"2025-07-30T11:39:15","date_gmt":"2025-07-30T09:39:15","guid":{"rendered":"https:\/\/new.hassagy.hu\/?page_id=294"},"modified":"2026-03-07T14:23:19","modified_gmt":"2026-03-07T13:23:19","slug":"kepviselotestulet","status":"publish","type":"page","link":"https:\/\/www.hassagy.hu\/?page_id=294","title":{"rendered":"K\u00e9pvisel\u0151test\u00fclet"},"content":{"rendered":"\n<figure class=\"wp-block-table has-medium-font-size\"><table><thead><tr><th class=\"has-text-align-center\" data-align=\"center\" colspan=\"3\"><strong>Polg\u00e1rmester<\/strong><\/th><\/tr><\/thead><tbody><tr><td class=\"has-text-align-center\" data-align=\"center\">R\u00e1cz L\u00e1szl\u00f3<\/td><td class=\"has-text-align-center\" data-align=\"center\">polgarmester.hassagy@gmail.com<\/td><td class=\"has-text-align-center\" data-align=\"center\">+36303007151<\/td><\/tr><\/tbody><\/table><\/figure>\n\n\n\n<figure class=\"wp-block-table has-medium-font-size\"><table><thead><tr><th class=\"has-text-align-center\" data-align=\"center\" colspan=\"3\"><strong>Alpolg\u00e1rmester<\/strong><\/th><\/tr><\/thead><tbody><tr><td class=\"has-text-align-center\" data-align=\"center\">Mammel Krisztina<\/td><td class=\"has-text-align-center\" data-align=\"center\">mammel.kriszta@gmail.com<\/td><td class=\"has-text-align-center\" data-align=\"center\">+36302067025<\/td><\/tr><\/tbody><\/table><\/figure>\n\n\n\n<figure class=\"wp-block-table has-medium-font-size\"><table><thead><tr><th class=\"has-text-align-center\" data-align=\"center\" colspan=\"3\"><strong>K\u00e9pvisel\u0151k<\/strong><\/th><\/tr><\/thead><tbody><tr><td class=\"has-text-align-center\" data-align=\"center\">Kerner J\u00e1nosn\u00e9<\/td><td class=\"has-text-align-center\" data-align=\"center\">kernerjanosne@freemail.hu<\/td><td class=\"has-text-align-center\" data-align=\"center\">+36209836059<\/td><\/tr><tr><td class=\"has-text-align-center\" data-align=\"center\">Vasas Gyula<\/td><td class=\"has-text-align-center\" data-align=\"center\">vasas0209@gmail.com<\/td><td class=\"has-text-align-center\" data-align=\"center\">+36204554323<\/td><\/tr><tr><td class=\"has-text-align-center\" data-align=\"center\">Wilhelm J\u00f3zsef<\/td><td class=\"has-text-align-center\" data-align=\"center\">wilhelmjozsi@gmail.com<\/td><td class=\"has-text-align-center\" data-align=\"center\">+36309791323<\/td><\/tr><\/tbody><\/table><\/figure>\n","protected":false},"excerpt":{"rendered":"<p>Polg\u00e1rmester R\u00e1cz L\u00e1szl\u00f3 polgarmester.hassagy@gmail.com +36303007151 Alpolg\u00e1rmester Mammel Krisztina mammel.kriszta@gmail.com +36302067025 K\u00e9pvisel\u0151k Kerner J\u00e1nosn\u00e9 kernerjanosne@freemail.hu +36209836059 Vasas Gyula vasas0209@gmail.com +36204554323 Wilhelm J\u00f3zsef wilhelmjozsi@gmail.com +36309791323<\/p>\n","protected":false},"author":1,"featured_media":0,"parent":0,"menu_order":0,"comment_status":"closed","ping_status":"closed","template":"","meta":{"site-sidebar-layout":"default","site-content-layout":"","ast-site-content-layout":"default","site-content-style":"default","site-sidebar-style":"default","ast-global-header-display":"","ast-banner-title-visibility":"","ast-main-header-display":"","ast-hfb-above-header-display":"","ast-hfb-below-header-display":"","ast-hfb-mobile-header-display":"","site-post-title":"","ast-breadcrumbs-content":"","ast-featured-img":"","footer-sml-layout":"","ast-disable-related-posts":"","theme-transparent-header-meta":"","adv-header-id-meta":"","stick-header-meta":"","header-above-stick-meta":"","header-main-stick-meta":"","header-below-stick-meta":"","astra-migrate-meta-layouts":"default","ast-page-background-enabled":"default","ast-page-background-meta":{"desktop":{"background-color":"var(--ast-global-color-5)","background-image":"","background-repeat":"repeat","background-position":"center center","background-size":"auto","background-attachment":"scroll","background-type":"","background-media":"","overlay-type":"","overlay-color":"","overlay-opacity":"","overlay-gradient":""},"tablet":{"background-color":"","background-image":"","background-repeat":"repeat","background-position":"center center","background-size":"auto","background-attachment":"scroll","background-type":"","background-media":"","overlay-type":"","overlay-color":"","overlay-opacity":"","overlay-gradient":""},"mobile":{"background-color":"","background-image":"","background-repeat":"repeat","background-position":"center center","background-size":"auto","background-attachment":"scroll","background-type":"","background-media":"","overlay-type":"","overlay-color":"","overlay-opacity":"","overlay-gradient":""}},"ast-content-background-meta":{"desktop":{"background-color":"var(--ast-global-color-4)","background-image":"","background-repeat":"repeat","background-position":"center center","background-size":"auto","background-attachment":"scroll","background-type":"","background-media":"","overlay-type":"","overlay-color":"","overlay-opacity":"","overlay-gradient":""},"tablet":{"background-color":"var(--ast-global-color-4)","background-image":"","background-repeat":"repeat","background-position":"center center","background-size":"auto","background-attachment":"scroll","background-type":"","background-media":"","overlay-type":"","overlay-color":"","overlay-opacity":"","overlay-gradient":""},"mobile":{"background-color":"var(--ast-global-color-4)","background-image":"","background-repeat":"repeat","background-position":"center center","background-size":"auto","background-attachment":"scroll","background-type":"","background-media":"","overlay-type":"","overlay-color":"","overlay-opacity":"","overlay-gradient":""}},"footnotes":""},"class_list":["post-294","page","type-page","status-publish","hentry"],"_links":{"self":[{"href":"https:\/\/www.hassagy.hu\/index.php?rest_route=\/wp\/v2\/pages\/294","targetHints":{"allow":["GET"]}}],"collection":[{"href":"https:\/\/www.hassagy.hu\/index.php?rest_route=\/wp\/v2\/pages"}],"about":[{"href":"https:\/\/www.hassagy.hu\/index.php?rest_route=\/wp\/v2\/types\/page"}],"author":[{"embeddable":true,"href":"https:\/\/www.hassagy.hu\/index.php?rest_route=\/wp\/v2\/users\/1"}],"replies":[{"embeddable":true,"href":"https:\/\/www.hassagy.hu\/index.php?rest_route=%2Fwp%2Fv2%2Fcomments&post=294"}],"version-history":[{"count":7,"href":"https:\/\/www.hassagy.hu\/index.php?rest_route=\/wp\/v2\/pages\/294\/revisions"}],"predecessor-version":[{"id":437,"href":"https:\/\/www.hassagy.hu\/index.php?rest_route=\/wp\/v2\/pages\/294\/revisions\/437"}],"wp:attachment":[{"href":"https:\/\/www.hassagy.hu\/index.php?rest_route=%2Fwp%2Fv2%2Fmedia&parent=294"}],"curies":[{"name":"wp","href":"https:\/\/api.w.org\/{rel}","templated":true}]}}